(u) = -u**2 - 69*u - 621. Determine r(-56).
107
Let b(n) = -n**3 - n**2 + 708*n - 144. Determine b(26).
12
Let b(s) = -s**2 - 280*s - 2634. Determine b(-10).
66
Let h(r) = -280*r - 2247. Give h(-8).
-7
Let a(p) = -p**3 + 43*p**2 - 309*p + 6. Calculate a(9).
-21
Let t(a) = -2021*a + 6090. Determine t(3).
27
Let w(s) = s**3 + 95*s**2 - 644*s + 233. Calculate w(6).
5
Let w(j) = 101*j + 2420. Give w(-24).
-4
Let y(m) = m**2 + 8*m - 1562. What is y(-43)?
-57
Let k(o) = -910*o + 6924. What is k(8)?
-356
Let w(x) = x**3 - x**2 + 477*x + 479. Give w(-1).
0
Let x(c) = -55*c**2 - 166*c. Calculate x(-3).
3
Let q(m) = -2*m**2 - 80*m - 352. What is q(-35)?
-2
Let o(i) = -i**3 + 11*i**2 + 178*i - 20. What is o(-9)?
-2
Let w(c) = c**3 - 15*c**2 + 21*c + 185. What is w(12)?
5
Let z(j) = 59*j + 2061. Determine z(-35).
-4
Let z(n) = 6*n**2 + 165*n - 85. What is z(-28)?
-1
Let q(u) = -314*u - 1200. Give q(-4).
56
Let v(q) = 2*q**2 - 226*q + 865. Give v(4).
-7
Let z(i) = -2366*i - 78080. Determine z(-33).
-2
Let n(d) = 11*d**2 - 789*d - 208. Give n(72).
8
Let h(n) = n**2 + 5*n - 1975. Determine h(-47).
-1
Let o(b) = b**3 - 5*b**2 - 9*b - 10. Determine o(3).
-55
Let m(u) = -203*u - 14980. What is m(-74)?
42
Let i(o) = -112*o + 554. Give i(7).
-230
Let s(i) = -i**3 - 32*i**2 - 171*i. Give s(-25).
-100
Let a(g) = g**2 - 34*g + 210. Give a(8).
2
Let x(m) = -37*m - 345. Determine x(-9).
-12
Let p(y) = -y + 88. Give p(10).
78
Let x(f) = 26*f - 910. Calculate x(35).
0
Let v(b) = -2*b**2 + 121*b - 154. Calculate v(60).
-94
Let j(q) = -60*q + 285. Determine j(4).
45
Let w(h) = -h**3 - 12*h**2 + 14*h - 14. What is w(-11)?
-289
Let d(r) = -r**3 + 3*r + 11. Give d(4).
-41
Let d(z) = 2*z**2 - 102*z - 140. Determine d(52).
-36
Let i(d) = -14*d**2 + 19*d + 17. Calculate i(2).
-1
Let l(z) = -6*z + 86. What is l(-8)?
134
Let w(k) = -74*k + 2810. Determine w(54).
-1186
Let o(m) = -5*m**2 - 649*m + 647. What is o(1)?
-7
Let b(j) = -46*j + 123. Give b(12).
-429
Let o(k) = -k**2 + 39*k + 2992. Determine o(74).
402
Let o(b) = 35*b**2 - 390*b - 12. Determine o(10).
-412
Let x(w) = w**2 + w - 33. Determine x(-5).
-13
Let k(r) = 17*r - 131. Give k(7).
-12
Let o(d) = 8*d - 241. Calculate o(26).
-33
Let v(x) = 1261*x - 3789. Determine v(3).
-6
Let v(a) = 3*a**2 + 85*a - 11. What is v(-26)?
-193
Let s(y) = 43*y + 83. Determine s(-11).
-390
Let c(p) = -3*p**3 + 13*p**2 + 12*p - 9. Give c(4).
55
Let r(d) = -133*d - 2795. What is r(-21)?
-2
Let l(y) = 82*y + 461. Give l(-5).
51
Let a(t) = -t**3 + 25*t**2 - 62*t - 474. Calculate a(21).
-12
Let v(j) = j**2 - 143*j - 4093. Determine v(167).
-85
Let d(l) = l**2 - 32*l - 286. Calculate d(41).
83
Let k(s) = -2627*s - 15758. Calculate k(-6).
4
Let l(u) = u**3 + 12*u**2 + 38*u + 23. Calculate l(-7).
2
Let k(q) = q**3 + q**2 - 15*q + 1. Give k(-5).
-24
Let f(k) = 2*k**2 + 144*k + 1441. Calculate f(-12).
1
Let i(k) = k**3 + 22*k**2 + 25*k + 35. What is i(-21)?
-49
Let y(q) = q**2 - 27*q + 2. Calculate y(19).
-150
Let d(b) = -58*b**2 + 1212*b - 1210. Determine d(1).
-56
Let f(s) = s**3 + 48*s**2 + 40*s - 309. What is f(-47)?
20
Let a(m) = -19*m + 861. Give a(45).
6
Let y(d) = -d**2 - 5766*d + 162239. Determine y(28).
7
Let l(q) = 5*q + 130. Calculate l(-23).
15
Let b(w) = -w**3 + 34*w**2 - 43. Determine b(34).
-43
Let m(d) = -225*d + 826. Calculate m(3).
151
Let h(v) = -166*v - 998. Calculate h(-6).
-2
Let y(m) = -40*m**2 - 3*m + 3. Determine y(0).
3
Let t(i) = 125*i**2 + 2*i + 36. Determine t(0).
36
Let f(q) = -q**3 + 143*q**2 - 1075*q - 664. Calculate f(135).
11
Let q(t) = 12*t**2 + 16*t - 21. Calculate q(-3).
39
Let u(b) = 633*b + 6361. What is u(-10)?
31
Let g(b) = 3*b**2 + 33*b - 28. What is g(9)?
512
Let m(g) = -1552*g + 29534. Give m(19).
46
Let k(x) = -4*x**2 - 5. Calculate k(-5).
-105
Let v(c) = 11*c**2 + 40*c - 62. What is v(-5)?
13
Let i(r) = 18*r**2 - 198*r - 15. Give i(11).
-15
Let n(s) = -s**2 + 13*s + 12. Give n(-6).
-102
Let t(f) = -f**3 - 14*f**2 + 143*f - 16. Give t(7).
-44
Let a(n) = -6251*n - 18763. Calculate a(-3).
-10
Let z(g) = 26*g + 354. Give z(-15).
-36
Let r(n) = 2*n**2 - 64*n - 88. Calculate r(35).
122
Let s(a) = -2*a**3 - 30*a + 138. Calculate s(4).
-110
Let s(p) = -p**2 + 67*p - 70. What is s(30)?
1040
Let r(n) = 177*n**2 + 533*n + 3. Determine r(-3).
-3
Let n(p) = -3*p**3 - 65*p**2 - 94*p + 120. Determine n(-20).
0
Let t(r) = -76*r + 256. What is t(3)?
28
Let s(i) = -36*i - 63. Determine s(-7).
189
Let s(j) = 4*j**3 + 43*j**2 + 18*j - 115. Determine s(-10).
5
Let c(k) = -k**3 + 2*k**2 - 2*k - 95. Give c(0).
-95
Let r(l) = -2*l**2 + 20*l + 225. Give r(21).
-237
Let x(i) = -i**3 - 4*i**2 + 43*i + 155. Determine x(-4).
-17
Let i(n) = 6*n. Determine i(-7).
-42
Let m(y) = 380*y**2 - 5701*y - 14. Calculate m(15).
-29
Let i(d) = -d**3 + 22*d**2 - 51*d + 72. Determine i(21).
-558
Let p(t) = 15*t**3 - 34*t**2 + 118*t - 1. What is p(4)?
887
Let w(p) = 2*p**2 + 85*p - 262. Give w(3).
11
Let w(d) = 8*d**2 + 31*d - 164. Calculate w(-7).
11
Let u(f) = 4*f - 321. Give u(84).
15
Let h(l) = -l**3 + 6*l**2 + 3*l + 6. Calculate h(7).
-22
Let r(y) = 8*y**2 - 221*y - 61. Determine r(28).
23
Let m(o) = o**3 - 5*o**2 + 19*o - 249. Determine m(7).
-18
Let g(a) = -12*a - 31. Determine g(17).
-235
Let w(x) = 2*x**3 - 28*x**2 - 40*x + 924. Give w(13).
66
Let b(v) = -120*v**2 - 1566*v - 81. What is b(-13)?
-3
Let i(n) = n**3 + 111*n**2 - 2924*n + 267. What is i(-133)?
1
Let r(j) = -4*j**2 + 27*j + 103. What is r(-3)?
-14
Let z(p) = 4*p**2 - 5*p - 5. Determine z(-7).
226
Let a(j) = 2*j + 70. What is a(-1)?
68
Let c(p) = 15*p - 1185. Calculate c(77).
-30
Let p(q) = 2*q**3 + 54*q**2 - 934*q + 6. Determine p(12).
30
Let c(h) = -h**3 - 16*h**2 - 3*h - 224. Give c(-17).
116
Let u(i) = 10*i**2 + 145*i + 51. What is u(-14)?
-19
Let g(j) = j**2 + 255*j + 11557. Determine g(-196).
-7
Let p(s) = -20*s**2 - 109*s - 6. Give p(-5).
39
Let b(v) = 7*v - 29. Determine b(-29).
-232
Let f(y) = y**3 - 17*y**2 + 15*y - 34. What is f(15)?
-259
Let f(u) = u**2 - 158*u - 3575. Give f(-20).
-15
Let q(p) = -22*p**2 + 291*p - 75. Determine q(13).
-10
Let z(c) = -c**2 + 256*c - 1494. Calculate z(6).
6
Let r(v) = 18*v**3 + 5*v**2 - 11*v - 15. Give r(-1).
-17
Let h(f) = -13*f**3 - f**2 - 5*f + 5. Calculate h(1).
-14
Let a(g) = g**3 - 68*g**2 + 63*g + 165. Give a(67).
-103
Let j(k) = -5459*k + 60054. What is j(11)?
5
Let v(k) = 12*k + 406. Calculate v(-21).
154
Let j(n) = -2*n**2 - 94*n + 119. Give j(-48).
23
Let c(s) = 12*s**2 + 32*s - 36. Give c(-4).
28
Let m(s) = -3*s**3 + 67*s**2 + 43*s + 173. Determine m(23).
104
Let h(y) = y**3 - 3*y**2 - 418*y + 2043. Give h(5).
3
Let p(l) = -l**3 - 62*l**2 + 551*l - 863. Determine p(6).
-5
Let f(g) = g**2 + 73*g + 114. Determine f(-70).
-96
Let f(x) = 4*x**2 + 5*x - 21. Give f(-3).
0
Let k(g) = -670*g - 4025. Give k(-6).
-5
Let v(q) = q**3 + 7*q**2 - 46*q + 11. What is v(-11)?
33
Let c(a) = a**2 + 53*a - 345. Determine c(6).
9
Let q(c) = c**3 + 61*c**2 + 551*c + 46. Calculate q(-50).
-4
Let k(m) = 68*m + 952. Determine k(-15).
-68
Let m(h) = -162*h - 167. Determine m(-1).
-5
Let k(h) = 68*h - 5106. Calculate k(75).
-6
Let q(n) = 2*n**2 - 51*n + 417. What is q(12)?
93
Let j(a) = -a**3 - 10*a**2 + 9*a + 27. Give j(-11).
49
Let c(o) = o**3 + 22*o**2 + 28*o - 546. What is c(-19)?
5
Let q(h) = -683*h + 5478. What is q(8)?
14
Let q(v) = v**2 - 4808*v - 96562. Calculate q(-20).
-2
Let t(o) = -2*o**3 + 3*o**2 + 4*o - 17. Calculate t(3).
-32
Let u(j) = -2*j**2 - 7*j + 388. Calculate u(-16).
-12
Let h(j) = 259*j - 1327. Determine h(5).
-32
Let d(w) = w**3 + 7*w**2 - 82*w - 98. Give d(7).
14
Let v(a) = 23*a**2 + 124*a + 51. What is v(-5)?
6
Let o(s) = 11*s + 141. What is o(-15)?
-24
Let r(h) = h**3 - 10*h**2 - 19*h + 276. Calculate r(8).
-4
Let i(u) = -81*u - 2144. Give i(-26).
-38
Let x(l) = -l**3 + 28*l**2 - 52*l + 5. Determine x(26).
5
Let m(x) = 29*x - 388. Determine m(12).
-40
Let w(k) = -12*k**2 + k + 26. What is w(-3)?
-85
Let t(b) = -5*b**2 + 52*b - 162. Determine t(8).
-66
Let g(f) = 43*f - 30. Determine g(4).
142
Let w(s) = -2*s**3 - 213*s**2 - 522*s - 195. What is w(-104)?
13
Let z(o) = o**3 - 76*o**2 + 164*o - 1189. Determine z(74).
-5
Let g(x) = -3310*x + 9881. What is g(3)?
-49
Let m(a) = -3*a**2 + 363*a + 665. Calculate m(123).
-73